*8/(-4). Suppose 5*m = 2 + s. What is the units digit of m?
1
Let h = 8 + 4. Suppose 2*d = 8 + h. Let j = d + -5. What is the units digit of j?
5
Let b(i) = i**3 + 6*i**2 - 8*i - 4. Let n be b(-7). Suppose 0 = 2*d - 3 - n. What is the units digit of d?
3
Let p(f) = -f**2 - 5*f + 6. Let h be p(-5). Suppose -s - 180 = -h*s. What is the units digit of s?
6
Suppose -2*t - 3*t + u = -19, 16 = 3*t + 4*u. Suppose t*i = -2*h + 46, -5*i - 2*h = -0*i - 57. What is the tens digit of i?
1
What is the units digit of (-23 + 24)/(1/264 - 0)?
4
Let b be 1/2*(-8 + 6). Let m(l) = 10*l**2 - l - 1. Let y be m(b). Let f = y - 4. What is the units digit of f?
6
Let l(w) = 4*w**2 - 7 - 4*w - 3*w**2 + w + w. Let a be 2/(-7) + 74/14. What is the units digit of l(a)?
8
What is the tens digit of 25/5 + (-220)/(-1)?
2
Let q(h) = -1 - 8 - 6*h - h**2 - 5*h. Let g be q(-7). Suppose 4*j - g = 17. What is the units digit of j?
9
Suppose -5 = -3*o - 44. Let b = 11 - -16. Let d = o + b. What is the units digit of d?
4
Let u = -4 - -1. What is the units digit of 6/u*70/(-4)?
5
What is the tens digit of 2 + (-1 - -2) + 14?
1
What is the units digit of (20/(-15))/((-8)/6)?
1
Suppose 0*g + 11 = g - 3*h, 55 = 5*g - 4*h. Let b = 20 - g. What is the units digit of b?
9
Suppose 2*f = -3*g + 2, 0*g - 4*g - 2 = -2*f. Suppose -3*n + 0*n + 150 = g. Suppose -i - 4*i = -n. What is the units digit of i?
0
Suppose -k + 4*m + 0*m + 216 = 0, -2*m + 1014 = 5*k. Suppose 5*w - k = 4*z, 0*w + 200 = 5*w - 5*z. What is the tens digit of w?
4
Let p(g) = 7*g**3. Let y be (-9)/(-11) - (-6)/33. What is the units digit of p(y)?
7
Let m(y) = -y**3 + 10*y**2 - 2. Let f be m(10). Let h(r) = -13*r. What is the units digit of h(f)?
6
Suppose 2*r + 0*y - 5*y = 25, 20 = -4*y. Suppose -5*o - w + 208 = 0, r = -3*o + w - 3*w + 122. What is the units digit of o?
2
Let s be 2/(-3) + (-95)/15. Let d(w) = -w - 5. Let k be d(s). Suppose -12 + 2 = -k*o. What is the units digit of o?
5
Let l = -127 + 211. What is the units digit of l?
4
What is the tens digit of (8/(-2))/(-7 - 525/(-77))?
2
Suppose -3*r - 6 = -6*r. Suppose r*s = -11 - 1. Let j(i) = -i**3 - 7*i**2 - 7*i + 4. What is the units digit of j(s)?
0
Let l(y) = y**2 + y + 3. Let o be l(0). Suppose o*s - s = 8. What is the units digit of s?
4
What is the units digit of -95*3/(-30)*4?
8
Let i be 238/3*(-15)/(-5). What is the units digit of (-4)/26 + i/26?
9
Suppose -5*y = l - 6*y + 1, -2*l = -y + 7. Let o(u) = u**2 + 3*u - 3. What is the units digit of o(l)?
5
Suppose 5*i - 270 = -4*c, -i - 2*c + 42 + 12 = 0. What is the units digit of i?
4
Let t(p) = 2*p**2 + 2*p - 2. Let c be (-1 - 2)/(-4 - -3). Suppose 2*h + 5*b = -16, -c*h + 18 = 2*h - 2*b. What is the units digit of t(h)?
0
Suppose 0 = -0*n - 4*n - 4*s + 24, 0 = 2*s. Let f = n + -4. Suppose -23 + 7 = -f*y. What is the units digit of y?
8
Let g(i) = -28*i - 15. What is the units digit of g(-3)?
9
Let f be 285/7 - 2/(-7). Suppose 4*p - f = 11. What is the tens digit of p?
1
Let p(c) = c**3 - 6*c**2 + 2*c - 6. Let n be p(6). Let u(d) = 3 - 2 + 2*d - 3. What is the tens digit of u(n)?
1
Suppose -q = 2*h - 159, 4*q + 51 = -3*h + 282. Suppose 2*m - h = -m. What is the units digit of m?
7
Let p = -3 + 8. Suppose -p*q + 17 = -u, 22 = -5*u + 5*q - q. What is the tens digit of -25*((-26)/10 - u)?
1
Let z(r) = -r**2 - 9*r - 6. Let u be z(-6). Let t = 21 + -11. What is the units digit of (u/t)/(9/60)?
8
Suppose 0*p - 14 = -z + 2*p, 47 = 4*z - 5*p. Let a = 5 + z. What is the tens digit of a?
1
Suppose -2*m + 4*a + 32 = 0, 3*m = -a - 0*a + 83. What is the units digit of m?
6
Suppose 5*y - 60 = -0*y. Let v = y - 6. What is the units digit of v?
6
Let g(a) = a**2 - 2*a + 5. Let n = 7 + -3. What is the units digit of g(n)?
3
Let r be (-1)/4 - (-14)/(-8). Let k(v) = -4*v**3 - 1 - 3*v - 2*v**3 - v**2 + 5*v**3. What is the units digit of k(r)?
9
Suppose 0*m - 128 = -4*m. Suppose -4*t = -w + 7 - m, 0 = -3*t - 3*w. Let s = t + 0. What is the units digit of s?
5
Let l(d) = d**2 - 9*d + 7. Let i be l(9). Suppose -2*g = -1 - i. Let c(n) = -n**2 + 5*n - 2. What is the units digit of c(g)?
2
Let b(v) = 8*v**3 + 2*v**2 - 2. Let o be b(2). Suppose -5*d - o = -0*d. Let a = -5 - d. What is the units digit of a?
9
Let p = 20 + -12. Let c be -1*(-6)/8*p. Suppose -2*t - 28 = -c*t. What is the units digit of t?
7
Suppose 89 = 4*c - 3*s, 0 = -2*c - 3*s + 49. What is the tens digit of c?
2
Let q(c) = 3*c**2 + 1. Let a be q(-1). Suppose -2*b + 144 = a*b. What is the units digit of b?
4
Let z(r) = 2*r**3 + r**2 - 2*r. What is the units digit of z(2)?
6
Let p = -78 + 121. What is the tens digit of p?
4
Let x(d) = -d**3 + 9*d**2 + 3*d**3 - 11*d - d**3 - 6. Let i be x(-10). Suppose 3*o = -o - 3*k + 10, -i*o + 12 = 2*k. What is the units digit of o?
4
Suppose -5*f = -f - 4. Suppose f = m - 1. Suppose -14 = -m*o + v - 5*v, o - 3*v = 2. What is the units digit of o?
5
What is the units digit of -2 - ((-148)/18 + (-26)/(-117))?
6
Let v be ((-2)/(-4))/(2/16). What is the units digit of 23*2 - 12/v?
3
Suppose -5*v + 2*g = -5, -4*v + g + 5 + 2 = 0. Suppose -4*y = 3*k - 42, k = -v*k + y + 37. What is the units digit of k?
0
Let m(w) be the second derivative of w**4/12 + w**3/6 + 27*w**2/2 + 2*w. Let d be m(0). Let c = -16 + d. What is the units digit of c?
1
Suppose -11 = g + w + 4*w, 0 = -5*g + 3*w + 1. Suppose -4*c - 4*k - 14 = 2, -c - 8 = 3*k. Let l = g - c. What is the units digit of l?
1
Let j(l) = 31*l**2 + 2*l + 1. Let m be j(-1). Suppose -2*x = 3*o - 34, o + 5*x = 3 + m. What is the units digit of o?
8
Suppose 0*a + 546 = 6*a. What is the tens digit of a?
9
Let l = -18 - -22. Suppose -r = -l*h - 33, 2*h + h = -5*r + 50. What is the tens digit of r?
1
Let i(q) = 3*q - 3. Let a(h) = -4*h + 2. Suppose 0*v - 3 = 2*x - v, 5 = -4*x + 3*v. Let l(d) = x*i(d) - 3*a(d). What is the units digit of l(1)?
6
Suppose -43 = 5*h + 92. Let x = -12 - h. What is the tens digit of x?
1
Let l = 109 - 16. What is the units digit of l?
3
Let u be (-2)/(17/(-19) + 1). Let w = u + 31. What is the tens digit of w?
1
Let y = -49 - -74. What is the units digit of y?
5
Let j be ((-2)/(-6))/((-3)/45). Let m = -1 - 1. What is the units digit of (-6)/(-3)*j/m?
5
What is the units digit of (-24)/5*8/24*-10?
6
Let u(m) = 3*m**2 + 5*m + 3. Let q be u(-3). Suppose 0*h + 10 = 2*p - 4*h, q = -3*p - 4*h. What is the units digit of (3/(-3))/p - -1?
2
Suppose -2*t + t = 0. What is the units digit of 6 - (-2 - t/4)?
8
Let c be -1 + -3*4/(-3). Suppose -c*k - 6 = -2*k. Let v = k + 8. What is the units digit of v?
2
Let x = 5 + 0. Suppose -38 = -3*g - n - 3*n, -x*g + 50 = 4*n. Let r = -3 + g. What is the units digit of r?
3
Let v = -78 - -188. What is the tens digit of v?
1
What is the units digit of 768/10 - (-28)/140?
7
Let k(i) = i**2 - 2*i - 14. Let a be k(10). Let l = 4 + -1. Suppose -l*z - 15 = 0, 3*d - 2*z - 1 = a. What is the units digit of d?
9
What is the hundreds digit of 8/10 - (-6944)/70?
1
Let f = 38 - -12. What is the units digit of f?
0
Suppose -1 = -4*k - 5. Let y = 2 + k. What is the units digit of y?
1
Let w(m) = -m - 8. Let d be w(-10). Let o be 3/d - 1/2. What is the units digit of (4 + 5)*1/o?
9
Suppose 830 + 1510 = 6*r. What is the hundreds digit of r?
3
What is the units digit of 1/(-2) + (-598)/(-4) + -3?
6
Let g(f) = f**3 - f**2 + 2*f - 3. Suppose 2*r = 6, 5*i - 3 = -4*r + 24. What is the tens digit of g(i)?
2
Suppose -2*l + 12 = -12. Suppose 0 = 5*z - z - l. What is the units digit of z?
3
Suppose 4*j = -c + 67, -j + 62 = 3*j + 2*c. What is the units digit of j?
8
Let h(b) be the second derivative of 4*b**3/3 - 3*b**2/2 + b. What is the units digit of h(2)?
3
What is the units digit of 4/6*(-1 + (-4494)/(-12))?
9
Let y be -10*3/6*-1. Suppose -y = -r - 0*r. What is the units digit of r?
5
Let i be ((-44)/16 - -3)*12. Let l = -1 + i. What is the units digit of l?
2
Suppose 2*i = j + 63, 53 = i - 5*j - 1. What is the tens digit of i?
2
Let s = 33 + -6. What is the units digit of s?
7
What is the hundreds digit of (9027/21)/3 + 18/(-63)?
1
Let a = -3 - -6. What is the units digit of (a - 9)/((-3)/2)?
4
Let z = 8 + -6. Suppose w + 3 = -z*w. What is the units digit of 8 - w/(3/6)?
0
Suppose 4*x + r = -r + 24, -20 = -4*x - r. What is the units digit of 18/x + (-1)/2?
4
Supp